 + o**3 + 123*o**2. Calculate s(-5).
-5
Let p(i) be the second derivative of i**5/20 - i**4/6 + i**3/6 - i**2/2 - 8*i. Give p(2).
1
Let n(j) = 47*j**2 + 6*j - 46*j**2 + 2 - 5*j. Calculate n(-4).
14
Let k(t) = -7*t**3 - t**2 - t + 1. Let c(g) = -2*g + 11. Let p be c(6). Let q be ((-4)/(-2) + -3)/p. Give k(q).
-8
Suppose -12 = -4*i - 0, 5*n = -i - 32. Let j(p) = p**3 + 6*p**2 - 6*p + 7. Let l be j(n). Let h(o) = o**3 - o**2 - o + 7. Determine h(l).
7
Let w(s) = s**3 + 4*s**2 - 4*s + 3. Let v be w(-5). Let u be 30/(-40)*(-16)/6. Let b(r) = -3 + 2*r**2 + 2 - 3*r + u*r**3 + r**3 - 2*r**3. Calculate b(v).
5
Suppose 5*n = n + 4. Let s be -3*(-2)/3*n. Let l(a) = -1 + 0 + a**3 + s*a**2 + 2*a**2. Give l(-3).
8
Let j = 0 + -27. Let g be (-22)/(-18) + 6/j. Let k(y) = -2*y - y + 6*y - g. Give k(1).
2
Let t(u) = -4*u - 2. Let p(c) = 6*c - 3*c**2 + 2*c**2 - 1 - 4 - 2. Let w be p(5). What is t(w)?
6
Let j(y) = 2*y - 3. Let r(z) = 2*z**2 - 4*z - 2. Let c be r(3). What is j(c)?
5
Let j(q) = q. Let x(d) be the second derivative of d**5/20 + d**4/2 + d**3/2 - 3*d**2 + d. Let p be x(-5). Give j(p).
4
Let z(g) = -4*g + 5*g - g - g + 5. Let m be 4/8*12/1. Calculate z(m).
-1
Let l(f) = 2*f**3 - 4*f**2 - 9*f - 2. Let x(n) = -n**3 + 2*n**2 + 5*n + 1. Let h(v) = 4*l(v) + 7*x(v). Determine h(3).
5
Suppose -6*q = -0*q + 24. Let k(d) = -d. Determine k(q).
4
Suppose -9*g - 25 = -7. Let i(c) = c - 6. Let s(z) = 1. Let q(m) = -6*i(m) - 39*s(m). Determine q(g).
9
Let u(x) be the third derivative of x**4/12 + x**3/2 - 17*x**2. Let j = -3 - 0. Give u(j).
-3
Let g(l) = l - 1. Let r(b) = -8*b - 1. Suppose -7*q + 5*n + 5 = -2*q, -4 = -4*q - 4*n. Let o(m) = q*r(m) + 6*g(m). Let a be 1 + -1 + 1*-5. Give o(a).
3
Suppose 2*o - 2*r = -r + 31, 4*o - 57 = r. Let g = -8 + o. Let j(l) be the third derivative of -l**5/60 + 7*l**4/24 - 5*l**3/6 - 15*l**2. Give j(g).
5
Let t(s) = s - 2. Let r(h) = h - 1. Let x(a) = 3*r(a) - t(a). Calculate x(5).
9
Let i(h) = -4*h - 11. Let p(z) be the second derivative of -z**3/6 - 9*z. Let u(k) = i(k) - 5*p(k). Give u(5).
-6
Suppose -4*x + 4*u = 32, 24 = -0*x - 3*x - 2*u. Let l be (6/(-4))/((-4)/x). Let b(i) = -i**2 + 8 + 3*i + 2*i**2 - 11. Determine b(l).
-3
Let i(x) = -x. Let u(f) = f**3 + 5*f**2 - 5*f + 7. Let q be u(-6). What is i(q)?
-1
Let w(q) = q + 10. Let r be (-18)/4 - (-15)/(-10). Calculate w(r).
4
Let i(x) be the second derivative of -x**5/20 + x**4/12 + x**3/6 - x**2/2 + x. Suppose -3*q = -28*y + 32*y - 14, 4*q = 2*y + 4. What is i(y)?
-3
Let w(d) = -2 + 3*d + 0*d + d**2 + 0*d. Let o be w(-4). Let c(f) = 0 + f**2 - 5*f + 7 - o. Determine c(4).
1
Let b be (-1)/((-2)/8*2). Let u(g) = 8*g**2 - 3*g - 5*g**b + 0*g. Suppose 7*i = 3*i + 8. Give u(i).
6
Let q(h) = h**2 - 4*h - 3. Let p be 45/36 - 2/8. Let m be p + -3 + 0 + 6. Determine q(m).
-3
Let p(g) = g**3 - 2*g**2 + 2*g + 2. Suppose 5*r + 0*r = 0. Suppose r*j - 6 = -j. Suppose j = 2*l + 2. What is p(l)?
6
Let h = 3 - -2. Suppose 0 = -4*b - h*t - 17, -5*t - 2 = -3*t. Let d(s) be the second derivative of s**5/20 + s**4/12 - s**3/2 + 3*s**2/2 + s. What is d(b)?
-6
Let y(b) = b**3 - b - 1. Let v(k) = -4*k**3 + 7*k**2 + 4*k + 1. Let p(c) = v(c) + 3*y(c). Let r be p(7). Let t(z) = -z + 10. What is t(r)?
5
Let q(o) = 3 + 0*o**2 - 2 - o**2 + 0. What is q(-4)?
-15
Let p(c) = 12*c + 3 - 3*c - 10*c. Determine p(-5).
8
Suppose u + y - 8 = 3*y, -2*y = 3*u. Let x = u + 1. Let w(v) = -3*v**2 - x*v + 4 + 2*v**2 - v. Give w(-4).
4
Suppose 5*y + 3*o - 28 = 5*o, 0 = -2*y - 4*o - 8. Let m(x) = -x - 1. Let q(b) = -3*b + 3. Let p(c) = 2*m(c) - q(c). Give p(y).
-1
Let s(o) = -2*o + 2. Suppose 5*x - 5*b = 60, 5*x + 4*b - 2*b - 32 = 0. Suppose 4*p - x = -0*p. Give s(p).
-2
Suppose -3*z + 4*z + 8 = 2*s, 21 = 3*z + 3*s. Let v(o) be the second derivative of 0*o**2 + 0*o**3 + 0 - z*o + 1/4*o**4. What is v(1)?
3
Let m(g) = g**2 - 6*g - 1. Let l = -11 + 17. What is m(l)?
-1
Let b be 41/7 + 9/63. Suppose h = 4*h - b. Let q(t) = -t. Calculate q(h).
-2
Let i(z) = 7*z + 5. Let n(v) = -7*v - 3. Let u(q) = -2*i(q) - 3*n(q). Determine u(1).
6
Let p(d) = -4*d - 4. Let g(n) = -7*n - 7. Let r(b) = -3*g(b) + 5*p(b). Let l(f) = 1. Let a(m) = -l(m) - 2*r(m). Let h be ((-5)/3)/((-1)/(-3)). Determine a(h).
7
Let v = 1 - -2. Suppose -9 = -v*u + 3. Let g(n) = -n**3 + 4*n**2 - 2*n. Calculate g(u).
-8
Suppose -2*x - 2 = 2*g - 4, 5*x = 2*g - 23. Let f(d) = -g + 6*d - 3*d + 0 + 3. Calculate f(-1).
-4
Suppose -4*o = -5*v + 24, 3*o + 0*o = -3*v + 9. Let i = -1 + v. Let l(c) = -c**3 - 2 - 9 + 3*c**i - 3*c**3 - c. Determine l(0).
-11
Let p(l) = l**3 + 3*l**2 + l. Let n(z) = -z**3 + 3*z**2 + 4*z - 3. Let g = -12 - -16. Let m be n(g). Give p(m).
-3
Let f(u) = u - u + u + 7. Let y(k) = k**2 - 8*k + 7. Let p be y(7). What is f(p)?
7
Let t = 6 + -6. Let m(p) = -6 + p + 2*p + t*p - p. Calculate m(6).
6
Let c(p) be the first derivative of -p**3/3 - p**2 + 4*p + 1. Determine c(-4).
-4
Let x(g) = -g - 10. Let k(w) = -4*w - 32. Let a(y) = -2*k(y) + 7*x(y). Calculate a(6).
0
Let m(p) = -3 + 3*p + 37*p**2 - 38*p**2 - 10*p. What is m(-6)?
3
Let t(s) = -s. Let l(p) = -p - 5. Let v be l(-6). Let o = v + -1. Suppose 2 = 2*j - o*j. What is t(j)?
-1
Let h(l) = -l**3 + 2*l**2 + 2*l. Suppose -10 = 4*p - 2*p. Let g = p + 8. Determine h(g).
-3
Suppose 0*q - 15 = -5*q. Suppose q = 5*k + 23. Let o(d) = -d**3 - 4*d**2 - 2*d - 4. Calculate o(k).
4
Let b(w) = 6*w - 11. Let r be 3/(-4) - (-56)/32. Let f(d) = -d + 1. Let u(q) = r*b(q) + 2*f(q). Determine u(6).
15
Let n(a) be the third derivative of -a**5/60 + a**4/24 - a**3/6 + 7*a**2. Give n(2).
-3
Let i(a) = -a**3 - 6*a**2 + 3*a - 7. Let f(b) = b**3 + 5*b**2 - 2*b + 6. Let w(d) = -3*f(d) - 2*i(d). Suppose 0 = -2*k + k + 4. Let v = k - 7. Determine w(v).
-4
Let o(f) = 3*f**2 + 6*f + 9. Let h(q) = q**2 + 3*q + 5. Let d(w) = -5*h(w) + 2*o(w). Let x = 3 - -2. Give d(x).
3
Let f(o) = 2*o**2 - 3*o - 3. Let k = -22 - -34. Suppose -3*q = q - k. Determine f(q).
6
Let f(i) = 0*i + i + 3*i**2 + i - i**3 + 0*i. Give f(4).
-8
Let v(m) = -5*m. Let b be (12/14)/((-1)/14). Suppose 0 = 4*l + 11 + 25. Let c be (-3)/b - l/12. Calculate v(c).
-5
Let n(w) = w**2 + 5*w - 2*w**2 + 5*w**2 - 5*w**2. Let a(k) = k - 1. Let x be 3/12 - (-10)/(-8). Let d(u) = x*a(u) + n(u). What is d(4)?
1
Let z(p) = -p**2 + 3*p + 5. Let v(x) = -11 - 6*x + 4*x + x**2 - 4*x. Suppose 0 = -0*w + 2*w + 2*b - 10, 0 = 3*w - b - 27. Let l be v(w). Determine z(l).
-5
Let g(u) = 2*u - 3. Let j be g(2). Suppose t - j = 2. Let p(i) = -i**2 + 0 + 0*i**2 + 3. Calculate p(t).
-6
Let m(z) = -z + 7. Let c be (-40)/12*6/5. Let o be (c/(-2) - 2)/(-3). Give m(o).
7
Let d(j) = -4*j - 3. Let t be d(-2). Let z(q) = -q. Let x(w) = -w**2 + 11*w - 1. Let i(g) = -x(g) - 6*z(g). Determine i(t).
1
Let u(p) be the first derivative of p**4/2 - p**3/3 - p**2 + 2*p + 17. Determine u(2).
10
Suppose 2*d = 0, 0 = -2*x + 6*d - d + 4. Let p be x - 2 - (1 - 3). Let m(a) = -a**3 + 2*a**2 + 2*a - 1. What is m(p)?
3
Let t = 7 + -10. Let f = t + 2. Let v(r) be the first derivative of r**2/2 + r - 3. Calculate v(f).
0
Let x(v) = 6*v. Let s(f) = f**3 + f**2 - 2*f + 4. Let q be s(0). What is x(q)?
24
Let x(a) = 2*a + 4. Let w be (-8)/(-3) + 5/15. Let z be (-1)/w*3*-5. Suppose t - m = 0, 3*m - 2*m - 12 = z*t. What is x(t)?
-2
Suppose 0 = 2*y - 10, -6*y + 18 = -z - y. Let g(d) = 9 - d + 0*d**2 - d**3 - z*d + 7*d**2. Calculate g(6).
-3
Let x = 37 + -32. Let p(c) = -3*c - 2. Determine p(x).
-17
Let m(f) = -4*f + 5. Let o be (-8)/(-14) + (-9)/(-21). Let x be (-5)/((-15)/9) + o. Calculate m(x).
-11
Let t(j) be the third derivative of j**7/5040 - j**6/720 - j**5/60 - 3*j**2. Let m(f) be the third derivative of t(f). Calculate m(2).
1
Let k(m) = -m**2 - 3 - 1 + 6*m - 11*m. Let c be k(-3). Let f(a) = -a**3 + 2*a**2 + a. Calculate f(c).
2
Let u(m) = -m - 1. Let a = 96 - 98. Calculate u(a).
1
Let b(q) be the second derivative of q**4/12 - q**3 - 5*q. Let c be b(6). Let f(g) = -g**3 - g**2 + 3. Give f(c).
3
Suppose 4*j + 0*j = 24. Let c(v) = -v**2 + 6*v + 4. Calculate c(j).
4
Let h(g) = -5*g**3 - 11*g**2 + 9. Let v(o) = -3*o**3 - 6*o**2 + 5. Let q(b) = -4*h(b) + 7*v(b). Let l be 1*(0 + 0 - 0). Suppose l = -p + 3 - 1. Calculate q(p).
-1
Let y(l) be the third derivative of -l**4/24 - 7*l**3/6 - 5*l**2. Determine y(-4).
-3
Suppos